{"id":42,"date":"2014-10-17T21:19:12","date_gmt":"2014-10-17T20:19:12","guid":{"rendered":"http:\/\/www.trencaclosques.es\/?page_id=42"},"modified":"2017-03-12T10:22:32","modified_gmt":"2017-03-12T09:22:32","slug":"videos","status":"publish","type":"page","link":"https:\/\/trencaclosques.cat\/?page_id=42","title":{"rendered":"Videos"},"content":{"rendered":"<p>Aqu\u00ed podeu veure v\u00eddeos dels nostres espectacles. Si voleu estar sempre a la \u00faltima amb els v\u00eddeos de Trencaclosques, subscriviu-vos al nostre canal de Youtube <a href=\"https:\/\/www.youtube.com\/channel\/UCeRBXnQpw7HJ0y7lbM_RItQ\">Aqu\u00ed<\/a>.<\/p>\n<p><iframe loading=\"lazy\" width=\"863\" height=\"485\" src=\"https:\/\/www.youtube.com\/embed\/QorclazvfWc?feature=oembed\" frameborder=\"0\" allowfullscreen><\/iframe><\/p>\n<p>&nbsp;<\/p>\n<p><iframe loading=\"lazy\" width=\"863\" height=\"485\" src=\"https:\/\/www.youtube.com\/embed\/ttIbZhdMKkw?feature=oembed\" frameborder=\"0\" allowfullscreen><\/iframe><\/p>\n<p>&nbsp;<\/p>\n<p><iframe loading=\"lazy\" width=\"863\" height=\"485\" src=\"https:\/\/www.youtube.com\/embed\/TxAIDffeDzI?feature=oembed\" frameborder=\"0\" allowfullscreen><\/iframe><\/p>\n<p><iframe loading=\"lazy\" width=\"863\" height=\"485\" src=\"https:\/\/www.youtube.com\/embed\/sIcUdv2w4Ho?feature=oembed\" frameborder=\"0\" allowfullscreen><\/iframe><\/p>\n<p>&nbsp;<\/p>\n<p><iframe loading=\"lazy\" width=\"863\" height=\"485\" src=\"https:\/\/www.youtube.com\/embed\/TWkXYJ0ih-U?feature=oembed\" frameborder=\"0\" allowfullscreen><\/iframe><\/p>\n<p>&nbsp;<\/p>\n<p><iframe loading=\"lazy\" width=\"863\" height=\"647\" src=\"https:\/\/www.youtube.com\/embed\/7B1CMjo_AMI?feature=oembed\" frameborder=\"0\" allowfullscreen><\/iframe><\/p>\n<p><iframe loading=\"lazy\" width=\"863\" height=\"485\" src=\"https:\/\/www.youtube.com\/embed\/HCP2LGXK2C8?feature=oembed\" frameborder=\"0\" allowfullscreen><\/iframe><\/p>\n<p><iframe loading=\"lazy\" width=\"863\" height=\"647\" src=\"https:\/\/www.youtube.com\/embed\/qCiEBpt116Y?feature=oembed\" frameborder=\"0\" allowfullscreen><\/iframe><\/p>\n","protected":false},"excerpt":{"rendered":"<p>Aqu\u00ed podeu veure v\u00eddeos dels nostres espectacles. Si voleu estar sempre a la \u00faltima amb els v\u00eddeos de Trencaclosques, subscriviu-vos al nostre canal de Youtube Aqu\u00ed. &nbsp; &nbsp; &nbsp; &nbsp;<\/p>\n","protected":false},"author":1,"featured_media":0,"parent":0,"menu_order":0,"comment_status":"open","ping_status":"open","template":"","meta":{"footnotes":""},"class_list":["post-42","page","type-page","status-publish","hentry"],"_links":{"self":[{"href":"https:\/\/trencaclosques.cat\/index.php?rest_route=\/wp\/v2\/pages\/42","targetHints":{"allow":["GET"]}}],"collection":[{"href":"https:\/\/trencaclosques.cat\/index.php?rest_route=\/wp\/v2\/pages"}],"about":[{"href":"https:\/\/trencaclosques.cat\/index.php?rest_route=\/wp\/v2\/types\/page"}],"author":[{"embeddable":true,"href":"https:\/\/trencaclosques.cat\/index.php?rest_route=\/wp\/v2\/users\/1"}],"replies":[{"embeddable":true,"href":"https:\/\/trencaclosques.cat\/index.php?rest_route=%2Fwp%2Fv2%2Fcomments&post=42"}],"version-history":[{"count":8,"href":"https:\/\/trencaclosques.cat\/index.php?rest_route=\/wp\/v2\/pages\/42\/revisions"}],"predecessor-version":[{"id":334,"href":"https:\/\/trencaclosques.cat\/index.php?rest_route=\/wp\/v2\/pages\/42\/revisions\/334"}],"wp:attachment":[{"href":"https:\/\/trencaclosques.cat\/index.php?rest_route=%2Fwp%2Fv2%2Fmedia&parent=42"}],"curies":[{"name":"wp","href":"https:\/\/api.w.org\/{rel}","templated":true}]}}