{"id":8,"date":"2014-10-17T18:22:12","date_gmt":"2014-10-17T17:22:12","guid":{"rendered":"http:\/\/www.trencaclosques.es\/?page_id=8"},"modified":"2021-09-17T09:57:21","modified_gmt":"2021-09-17T07:57:21","slug":"qui-som","status":"publish","type":"page","link":"https:\/\/trencaclosques.cat\/?page_id=8","title":{"rendered":"Qui som"},"content":{"rendered":"<p>&#8220;Aix\u00f2 era i no era&#8230;&#8221; una generaci\u00f3 de nins que vam gaudir la infantesa amb els pallassos de la tele i el programa de televisi\u00f3 dels Cucorba &#8220;Trencaclosques&#8221;, per\u00f2 que amb &#8220;La Bola de Cristal&#8221;, el pop-rock i les guitarres distorsionades, encar\u00e0rem el m\u00f3n musical de l&#8217;adolesc\u00e8ncia.<\/p>\n<p>Despr\u00e9s d&#8217;anys de recerca musical, els Trencaclosques hem aconseguit tornar a sentir de forma molt propera l&#8217;esperit de la nostra infantesa, apropant-nos cada vegada m\u00e9s al llenguatge de l&#8217;animaci\u00f3 infantil, tant pel que fa a l&#8217;animaci\u00f3 musical com a les petites obres de teatre i l&#8217;animaci\u00f3 de carrer.<\/p>\n<p>L&#8217;element clau i diferenciador de Trencaclosques \u00e9s la voluntat de mantenir com a element vertebrador de l&#8217;espectacle la m\u00e0gia del directe. Aix\u00f2 ens permet un gran dinamisme i llibertat per adaptar la m\u00fasica a la participaci\u00f3 del p\u00fablic, i en aquests temps de m\u00fasica enllaunada, per als infants \u00e9s revelador veure i sentir de prop d&#8217;una bateria, un baix i una guitarra.<\/p>\n<p>Tal vegada aquesta passi\u00f3 per el directe, va fer que passessin els anys sense tenir la necessitat de fer cap enregistrament, la nostra prioritat sempre fou l&#8217;escenari. Per sort, aix\u00f2 canvi\u00e0 i des de la primavera de 2011, quan v\u00e0rem editar el nostre primer treball discogr\u00e0fic \u201cAmb un Somriure\u201d (Blau-Discmedi). El 2021, despr\u00e9s d&#8217;una llarga espera, hem publicat &#8220;Trencaclosques a la Mar&#8221;, d&#8217;inspiraci\u00f3 marinera i amb arranjaments simf\u00f2nics del mestre Toni Cuenca.<\/p>\n<p>Amb els anys, els Trencaclosques hem desenvolupat un espectacle on l&#8217;humor per als infants s&#8217;integra a l&#8217;espai musical, amb constants i ir\u00f2niques aclucades d&#8217;ull als adults.<\/p>\n<p>Des de la seva fundaci\u00f3 l&#8217;any 1994, Trencaclosques ha actuat a molts dels pobles de les Illes en festes patronals (podeu veure a on, clicant <a href=\"https:\/\/www.google.com\/maps\/d\/u\/0\/edit?mid=1p2qW2ZLFsiMH2yJxjyKGj0lOcVfNJegb&amp;ll=39.32202747097175%2C2.861393649999995&amp;z=9\">aqu\u00ed<\/a>), comunions i festes infantils, no nom\u00e9s com a conjunt d&#8217;animaci\u00f3 musical amb Trencaclosques i el duet Flip i Flop, sin\u00f3 com a companyia de teatre infantil amb dues obres i l&#8217;animaci\u00f3 de carrer amb els espectacles Miniflex i Superflex.<\/p>\n<p>Trencaclosques ha participat als programes de Televisi\u00f3 de Mallorca &#8220;Espai Superguai&#8221; i al d&#8217;IB3 &#8220;El m\u00f3n d&#8217;en Guai&#8221; aix\u00ed com al Programa de Psicomotricitat de l&#8217;Institut Balear de L&#8217;Esport (Consell de Mallorca), trofeu de vela SAR Princesa Sof\u00eda, Festival Nins Solidaris a l&#8217;Audit\u00f2rium de Palma, Fi de Curs i Festival de los Reyes Magos del diari \u00daltima Hora, les Diades de Nassos de La Sonrisa M\u00e9dica, el des\u00e8 aniversari del Circ Bover i d&#8217;altres esdeveniments festius i culturals.<\/p>\n<p>Trencaclosques ha mantingut una activa col\u00b7laboraci\u00f3 social amb actuacions ben\u00e8fiques a les Llars del Temple, La Sonrisa M\u00e9dica, ASPACE i d&#8217;altres ONGs i associacions.<\/p>\n<p>Si ens voleu con\u00e8ixer una mica millor, aqu\u00ed teniu una mica d&#8217;informaci\u00f3 sobre els components de Trencaclosques:<\/p>\n<p><strong><a href=\"http:\/\/www.trencaclosques.es\/wp-content\/uploads\/2014\/10\/WhatsApp-Image-2017-03-29-at-12.46.37.jpeg\"><img loading=\"lazy\" decoding=\"async\" class=\"wp-image-338 alignright\" src=\"http:\/\/www.trencaclosques.es\/wp-content\/uploads\/2014\/10\/WhatsApp-Image-2017-03-29-at-12.46.37-867x1024.jpeg\" alt=\"\" width=\"441\" height=\"521\" srcset=\"https:\/\/trencaclosques.cat\/wp-content\/uploads\/2014\/10\/WhatsApp-Image-2017-03-29-at-12.46.37-867x1024.jpeg 867w, https:\/\/trencaclosques.cat\/wp-content\/uploads\/2014\/10\/WhatsApp-Image-2017-03-29-at-12.46.37-254x300.jpeg 254w, https:\/\/trencaclosques.cat\/wp-content\/uploads\/2014\/10\/WhatsApp-Image-2017-03-29-at-12.46.37-768x907.jpeg 768w, https:\/\/trencaclosques.cat\/wp-content\/uploads\/2014\/10\/WhatsApp-Image-2017-03-29-at-12.46.37-863x1019.jpeg 863w, https:\/\/trencaclosques.cat\/wp-content\/uploads\/2014\/10\/WhatsApp-Image-2017-03-29-at-12.46.37-91x108.jpeg 91w, https:\/\/trencaclosques.cat\/wp-content\/uploads\/2014\/10\/WhatsApp-Image-2017-03-29-at-12.46.37.jpeg 1355w\" sizes=\"auto, (max-width: 441px) 100vw, 441px\" \/><\/a>Josep Miquel Vidal, &#8220;Chemi&#8221;:<\/strong> compagina la feina de pallasso, cantant i animador amb la de de t\u00e8cnic de so.\u00a0 De variada formaci\u00f3 musical, s&#8217;inicia al m\u00f3n de l&#8217;animaci\u00f3 participant al deg\u00e0 dels clubs d&#8217;esplai de ciutat, el Club d&#8217;Esplai Jovent. Monitor titulat, paral\u00b7lelament participa en diferents activitats d&#8217;animaci\u00f3 sociocultural, militant al mateix temps a diverses formacions pop-rock com Lewis o Tribus.<\/p>\n<p>Sempre lligat a la m\u00fasica, al 1989 funda amb altres companys del club d&#8217;esplai el grup d&#8217;animaci\u00f3 infantil Granots Truiosos. Quan aquest grup es dissol, i despr\u00e9s d&#8217;un per\u00edode de descans, repr\u00e8n al 1994 l&#8217;activitat al m\u00f3n de l&#8217;animaci\u00f3 infantil fundant Trencaclosques.<\/p>\n<p>Les seves inquietuds art\u00edstiques descobriran un nou espai de creixement amb la vessant m\u00e9s c\u00f2mica de Trencaclosques, el duet d&#8217;animaci\u00f3 Flip i Flop, fundat l&#8217;any 1997 i el pallasso Flop. \u00c9s aleshores quan comen\u00e7a a formar-se com a clown entre d&#8217;altres amb Andreu Segura de l&#8217;Escola Mallorclown o amb stages preparatoris amb Victor Stivelman, Eric De Bont i Encarna de las Heras.<\/p>\n<p>Sempre incansable, actualment continua la seva progressi\u00f3 art\u00edstica com a membre de La Sonrisa M\u00e9dica.<\/p>\n<p><strong><a href=\"http:\/\/www.trencaclosques.es\/wp-content\/uploads\/2014\/10\/WhatsApp-Image-2017-05-18-at-22.33.51.jpeg\"><img loading=\"lazy\" decoding=\"async\" class=\"wp-image-353 alignleft\" src=\"http:\/\/www.trencaclosques.es\/wp-content\/uploads\/2014\/10\/WhatsApp-Image-2017-05-18-at-22.33.51-746x1024.jpeg\" alt=\"\" width=\"387\" height=\"531\" srcset=\"https:\/\/trencaclosques.cat\/wp-content\/uploads\/2014\/10\/WhatsApp-Image-2017-05-18-at-22.33.51-746x1024.jpeg 746w, https:\/\/trencaclosques.cat\/wp-content\/uploads\/2014\/10\/WhatsApp-Image-2017-05-18-at-22.33.51-218x300.jpeg 218w, https:\/\/trencaclosques.cat\/wp-content\/uploads\/2014\/10\/WhatsApp-Image-2017-05-18-at-22.33.51-768x1055.jpeg 768w, https:\/\/trencaclosques.cat\/wp-content\/uploads\/2014\/10\/WhatsApp-Image-2017-05-18-at-22.33.51-863x1185.jpeg 863w, https:\/\/trencaclosques.cat\/wp-content\/uploads\/2014\/10\/WhatsApp-Image-2017-05-18-at-22.33.51-79x108.jpeg 79w, https:\/\/trencaclosques.cat\/wp-content\/uploads\/2014\/10\/WhatsApp-Image-2017-05-18-at-22.33.51.jpeg 1165w\" sizes=\"auto, (max-width: 387px) 100vw, 387px\" \/><\/a><\/strong><\/p>\n<p><strong>Gabriel Barcel\u00f3:<\/strong> Enginyer en Inform\u00e0tica. Provinent d\u2019una fam\u00edlia amb una arrelada tradici\u00f3 musical, arriba als escenaris de la ma de la formaci\u00f3 pop-rock Tribus, per adquirir solidesa professional amb les orquestres Dark &amp; Blue, Mitjanit, Sweet i Opal. Amb Gabriel Rosales va consolidar la seva formaci\u00f3 en guitarra moderna.<\/p>\n<p>Membre fundador de Trencaclosques, tamb\u00e9 participa de les diverses activitats d\u2019animaci\u00f3 sorgides al voltant d\u2019aquest projecte.<\/p>\n<p><strong><a href=\"http:\/\/www.trencaclosques.es\/wp-content\/uploads\/2014\/10\/WhatsApp-Image-2017-05-18-at-22.34.28.jpeg\"><img loading=\"lazy\" decoding=\"async\" class=\"wp-image-354 alignright\" src=\"http:\/\/www.trencaclosques.es\/wp-content\/uploads\/2014\/10\/WhatsApp-Image-2017-05-18-at-22.34.28-762x1024.jpeg\" alt=\"\" width=\"428\" height=\"575\" srcset=\"https:\/\/trencaclosques.cat\/wp-content\/uploads\/2014\/10\/WhatsApp-Image-2017-05-18-at-22.34.28-762x1024.jpeg 762w, https:\/\/trencaclosques.cat\/wp-content\/uploads\/2014\/10\/WhatsApp-Image-2017-05-18-at-22.34.28-223x300.jpeg 223w, https:\/\/trencaclosques.cat\/wp-content\/uploads\/2014\/10\/WhatsApp-Image-2017-05-18-at-22.34.28-768x1032.jpeg 768w, https:\/\/trencaclosques.cat\/wp-content\/uploads\/2014\/10\/WhatsApp-Image-2017-05-18-at-22.34.28-863x1159.jpeg 863w, https:\/\/trencaclosques.cat\/wp-content\/uploads\/2014\/10\/WhatsApp-Image-2017-05-18-at-22.34.28-80x108.jpeg 80w, https:\/\/trencaclosques.cat\/wp-content\/uploads\/2014\/10\/WhatsApp-Image-2017-05-18-at-22.34.28.jpeg 1191w\" sizes=\"auto, (max-width: 428px) 100vw, 428px\" \/><\/a><\/strong><\/p>\n<p><strong>Miquel Munar &#8220;Mico&#8221;:<\/strong> Llicenciat en Historia i professional del turisme, inicia les seves inquietuds musicals participant de diverses formacions Pop-Rock com Los Formales, Smaitips o Tribus, aix\u00ed com a les orquestres Dark &amp; Blue i Mitjanit. Aquestes inquietuds el porten a formar-se en guitarra moderna amb Gabriel Rosales i Marc Rossi. Fou un dels impulsors del portal web especialitzat www.jazzinmallorca.com<\/p>\n<p>S\u2019integra a Trencaclosques l\u2019any 1995, i progressivament participa en el desenvolupament de les diferents activitats art\u00edstiques al voltant del projecte Trencaclosques. Actualment forma part del grup de versions <a href=\"https:\/\/www.facebook.com\/tramp.mallorcacovers\">Tramp Mallorca Covers<\/a>.<\/p>\n<p><strong><a href=\"http:\/\/www.trencaclosques.es\/wp-content\/uploads\/2014\/10\/WEB-_MGL3667.jpg\"><img loading=\"lazy\" decoding=\"async\" class=\"wp-image-371  alignleft\" src=\"http:\/\/www.trencaclosques.es\/wp-content\/uploads\/2014\/10\/WEB-_MGL3667-683x1024.jpg\" alt=\"\" width=\"392\" height=\"588\" srcset=\"https:\/\/trencaclosques.cat\/wp-content\/uploads\/2014\/10\/WEB-_MGL3667-683x1024.jpg 683w, https:\/\/trencaclosques.cat\/wp-content\/uploads\/2014\/10\/WEB-_MGL3667-200x300.jpg 200w, https:\/\/trencaclosques.cat\/wp-content\/uploads\/2014\/10\/WEB-_MGL3667-768x1152.jpg 768w, https:\/\/trencaclosques.cat\/wp-content\/uploads\/2014\/10\/WEB-_MGL3667-863x1295.jpg 863w, https:\/\/trencaclosques.cat\/wp-content\/uploads\/2014\/10\/WEB-_MGL3667-72x108.jpg 72w, https:\/\/trencaclosques.cat\/wp-content\/uploads\/2014\/10\/WEB-_MGL3667.jpg 1365w\" sizes=\"auto, (max-width: 392px) 100vw, 392px\" \/><\/a><\/strong><\/p>\n<p><strong>Miquel \u00c0ngel Valverde &#8220;Verdi&#8221;:<\/strong> Llicenciat en qu\u00edmiques i qu\u00edmic de professi\u00f3. De formaci\u00f3 musical autodidacta, ha estat integrant de formacions de m\u00fasica Pop-Rock. Participa al projecte de Trencaclosques des de l&#8217;any 2002 i en gran part dels seus projectes, destacant amb Chemi Vidal com a enginyer constructor dels vehicles que caracteritzen els espectacles de carrer Superflex i Miniflex. Actualment forma part del grup de metal <a href=\"https:\/\/www.facebook.com\/losoeste\" target=\"_blank\" rel=\"noopener noreferrer\">Oeste<\/a>.<\/p>\n","protected":false},"excerpt":{"rendered":"<p>&#8220;Aix\u00f2 era i no era&#8230;&#8221; una generaci\u00f3 de nins que vam gaudir la infantesa amb els pallassos de la tele i el programa de televisi\u00f3 dels Cucorba &#8220;Trencaclosques&#8221;, per\u00f2 que amb &#8220;La Bola de Cristal&#8221;, el pop-rock i les guitarres distorsionades, encar\u00e0rem el m\u00f3n musical de l&#8217;adolesc\u00e8ncia. Despr\u00e9s d&#8217;anys de recerca musical, els Trencaclosques hem &hellip; <a href=\"https:\/\/trencaclosques.cat\/?page_id=8\" class=\"more-link\">Continue reading <span class=\"screen-reader-text\">Qui som<\/span><\/a><\/p>\n","protected":false},"author":1,"featured_media":0,"parent":0,"menu_order":0,"comment_status":"open","ping_status":"open","template":"","meta":{"footnotes":""},"class_list":["post-8","page","type-page","status-publish","hentry"],"_links":{"self":[{"href":"https:\/\/trencaclosques.cat\/index.php?rest_route=\/wp\/v2\/pages\/8","targetHints":{"allow":["GET"]}}],"collection":[{"href":"https:\/\/trencaclosques.cat\/index.php?rest_route=\/wp\/v2\/pages"}],"about":[{"href":"https:\/\/trencaclosques.cat\/index.php?rest_route=\/wp\/v2\/types\/page"}],"author":[{"embeddable":true,"href":"https:\/\/trencaclosques.cat\/index.php?rest_route=\/wp\/v2\/users\/1"}],"replies":[{"embeddable":true,"href":"https:\/\/trencaclosques.cat\/index.php?rest_route=%2Fwp%2Fv2%2Fcomments&post=8"}],"version-history":[{"count":10,"href":"https:\/\/trencaclosques.cat\/index.php?rest_route=\/wp\/v2\/pages\/8\/revisions"}],"predecessor-version":[{"id":636,"href":"https:\/\/trencaclosques.cat\/index.php?rest_route=\/wp\/v2\/pages\/8\/revisions\/636"}],"wp:attachment":[{"href":"https:\/\/trencaclosques.cat\/index.php?rest_route=%2Fwp%2Fv2%2Fmedia&parent=8"}],"curies":[{"name":"wp","href":"https:\/\/api.w.org\/{rel}","templated":true}]}}

<p>&#8220;Això era i no era&#8230;&#8221; una generació de nins que vam gaudir la infantesa amb els pallassos de la tele i el programa de televisió dels Cucorba &#8220;Trencaclosques&#8221;, però que amb &#8220;La Bola de Cristal&#8221;, el pop-rock i les guitarres distorsionades, encaràrem el món musical de l&#8217;adolescència.</p>
<p>Després d&#8217;anys de recerca musical, els Trencaclosques hem aconseguit tornar a sentir de forma molt propera l&#8217;esperit de la nostra infantesa, apropant-nos cada vegada més al llenguatge de l&#8217;animació infantil, tant pel que fa a l&#8217;animació musical com a les petites obres de teatre i l&#8217;animació de carrer.</p>
<p>L&#8217;element clau i diferenciador de Trencaclosques és la voluntat de mantenir com a element vertebrador de l&#8217;espectacle la màgia del directe. Això ens permet un gran dinamisme i llibertat per adaptar la música a la participació del públic, i en aquests temps de música enllaunada, per als infants és revelador veure i sentir de prop d&#8217;una bateria, un baix i una guitarra.</p>
<p>Tal vegada aquesta passió per el directe, va fer que passessin els anys sense tenir la necessitat de fer cap enregistrament, la nostra prioritat sempre fou l&#8217;escenari. Per sort, això canvià i des de la primavera de 2011, quan vàrem editar el nostre primer treball discogràfic “Amb un Somriure” (Blau-Discmedi). El 2021, després d&#8217;una llarga espera, hem publicat &#8220;Trencaclosques a la Mar&#8221;, d&#8217;inspiració marinera i amb arranjaments simfònics del mestre Toni Cuenca.</p>
<p>Amb els anys, els Trencaclosques hem desenvolupat un espectacle on l&#8217;humor per als infants s&#8217;integra a l&#8217;espai musical, amb constants i iròniques aclucades d&#8217;ull als adults.</p>
<p>Des de la seva fundació l&#8217;any 1994, Trencaclosques ha actuat a molts dels pobles de les Illes en festes patronals (podeu veure a on, clicant <a href="https://www.google.com/maps/d/u/0/edit?mid=1p2qW2ZLFsiMH2yJxjyKGj0lOcVfNJegb&amp;ll=39.32202747097175%2C2.861393649999995&amp;z=9">aquí</a>), comunions i festes infantils, no només com a conjunt d&#8217;animació musical amb Trencaclosques i el duet Flip i Flop, sinó com a companyia de teatre infantil amb dues obres i l&#8217;animació de carrer amb els espectacles Miniflex i Superflex.</p>
<p>Trencaclosques ha participat als programes de Televisió de Mallorca &#8220;Espai Superguai&#8221; i al d&#8217;IB3 &#8220;El món d&#8217;en Guai&#8221; així com al Programa de Psicomotricitat de l&#8217;Institut Balear de L&#8217;Esport (Consell de Mallorca), trofeu de vela SAR Princesa Sofía, Festival Nins Solidaris a l&#8217;Auditòrium de Palma, Fi de Curs i Festival de los Reyes Magos del diari Última Hora, les Diades de Nassos de La Sonrisa Médica, el desè aniversari del Circ Bover i d&#8217;altres esdeveniments festius i culturals.</p>
<p>Trencaclosques ha mantingut una activa col·laboració social amb actuacions benèfiques a les Llars del Temple, La Sonrisa Médica, ASPACE i d&#8217;altres ONGs i associacions.</p>
<p>Si ens voleu conèixer una mica millor, aquí teniu una mica d&#8217;informació sobre els components de Trencaclosques:</p>
<p><strong><a href="http://www.trencaclosques.es/wp-content/uploads/2014/10/WhatsApp-Image-2017-03-29-at-12.46.37.jpeg"><img loading="lazy" decoding="async" class="wp-image-338 alignright" src="http://www.trencaclosques.es/wp-content/uploads/2014/10/WhatsApp-Image-2017-03-29-at-12.46.37-867x1024.jpeg" alt="" width="441" height="521" srcset="https://trencaclosques.cat/wp-content/uploads/2014/10/WhatsApp-Image-2017-03-29-at-12.46.37-867x1024.jpeg 867w, https://trencaclosques.cat/wp-content/uploads/2014/10/WhatsApp-Image-2017-03-29-at-12.46.37-254x300.jpeg 254w, https://trencaclosques.cat/wp-content/uploads/2014/10/WhatsApp-Image-2017-03-29-at-12.46.37-768x907.jpeg 768w, https://trencaclosques.cat/wp-content/uploads/2014/10/WhatsApp-Image-2017-03-29-at-12.46.37-863x1019.jpeg 863w, https://trencaclosques.cat/wp-content/uploads/2014/10/WhatsApp-Image-2017-03-29-at-12.46.37-91x108.jpeg 91w, https://trencaclosques.cat/wp-content/uploads/2014/10/WhatsApp-Image-2017-03-29-at-12.46.37.jpeg 1355w" sizes="auto, (max-width: 441px) 100vw, 441px" /></a>Josep Miquel Vidal, &#8220;Chemi&#8221;:</strong> compagina la feina de pallasso, cantant i animador amb la de de tècnic de so.  De variada formació musical, s&#8217;inicia al món de l&#8217;animació participant al degà dels clubs d&#8217;esplai de ciutat, el Club d&#8217;Esplai Jovent. Monitor titulat, paral·lelament participa en diferents activitats d&#8217;animació sociocultural, militant al mateix temps a diverses formacions pop-rock com Lewis o Tribus.</p>
<p>Sempre lligat a la música, al 1989 funda amb altres companys del club d&#8217;esplai el grup d&#8217;animació infantil Granots Truiosos. Quan aquest grup es dissol, i després d&#8217;un període de descans, reprèn al 1994 l&#8217;activitat al món de l&#8217;animació infantil fundant Trencaclosques.</p>
<p>Les seves inquietuds artístiques descobriran un nou espai de creixement amb la vessant més còmica de Trencaclosques, el duet d&#8217;animació Flip i Flop, fundat l&#8217;any 1997 i el pallasso Flop. És aleshores quan comença a formar-se com a clown entre d&#8217;altres amb Andreu Segura de l&#8217;Escola Mallorclown o amb stages preparatoris amb Victor Stivelman, Eric De Bont i Encarna de las Heras.</p>
<p>Sempre incansable, actualment continua la seva progressió artística com a membre de La Sonrisa Médica.</p>
<p><strong><a href="http://www.trencaclosques.es/wp-content/uploads/2014/10/WhatsApp-Image-2017-05-18-at-22.33.51.jpeg"><img loading="lazy" decoding="async" class="wp-image-353 alignleft" src="http://www.trencaclosques.es/wp-content/uploads/2014/10/WhatsApp-Image-2017-05-18-at-22.33.51-746x1024.jpeg" alt="" width="387" height="531" srcset="https://trencaclosques.cat/wp-content/uploads/2014/10/WhatsApp-Image-2017-05-18-at-22.33.51-746x1024.jpeg 746w, https://trencaclosques.cat/wp-content/uploads/2014/10/WhatsApp-Image-2017-05-18-at-22.33.51-218x300.jpeg 218w, https://trencaclosques.cat/wp-content/uploads/2014/10/WhatsApp-Image-2017-05-18-at-22.33.51-768x1055.jpeg 768w, https://trencaclosques.cat/wp-content/uploads/2014/10/WhatsApp-Image-2017-05-18-at-22.33.51-863x1185.jpeg 863w, https://trencaclosques.cat/wp-content/uploads/2014/10/WhatsApp-Image-2017-05-18-at-22.33.51-79x108.jpeg 79w, https://trencaclosques.cat/wp-content/uploads/2014/10/WhatsApp-Image-2017-05-18-at-22.33.51.jpeg 1165w" sizes="auto, (max-width: 387px) 100vw, 387px" /></a></strong></p>
<p><strong>Gabriel Barceló:</strong> Enginyer en Informàtica. Provinent d’una família amb una arrelada tradició musical, arriba als escenaris de la ma de la formació pop-rock Tribus, per adquirir solidesa professional amb les orquestres Dark &amp; Blue, Mitjanit, Sweet i Opal. Amb Gabriel Rosales va consolidar la seva formació en guitarra moderna.</p>
<p>Membre fundador de Trencaclosques, també participa de les diverses activitats d’animació sorgides al voltant d’aquest projecte.</p>
<p><strong><a href="http://www.trencaclosques.es/wp-content/uploads/2014/10/WhatsApp-Image-2017-05-18-at-22.34.28.jpeg"><img loading="lazy" decoding="async" class="wp-image-354 alignright" src="http://www.trencaclosques.es/wp-content/uploads/2014/10/WhatsApp-Image-2017-05-18-at-22.34.28-762x1024.jpeg" alt="" width="428" height="575" srcset="https://trencaclosques.cat/wp-content/uploads/2014/10/WhatsApp-Image-2017-05-18-at-22.34.28-762x1024.jpeg 762w, https://trencaclosques.cat/wp-content/uploads/2014/10/WhatsApp-Image-2017-05-18-at-22.34.28-223x300.jpeg 223w, https://trencaclosques.cat/wp-content/uploads/2014/10/WhatsApp-Image-2017-05-18-at-22.34.28-768x1032.jpeg 768w, https://trencaclosques.cat/wp-content/uploads/2014/10/WhatsApp-Image-2017-05-18-at-22.34.28-863x1159.jpeg 863w, https://trencaclosques.cat/wp-content/uploads/2014/10/WhatsApp-Image-2017-05-18-at-22.34.28-80x108.jpeg 80w, https://trencaclosques.cat/wp-content/uploads/2014/10/WhatsApp-Image-2017-05-18-at-22.34.28.jpeg 1191w" sizes="auto, (max-width: 428px) 100vw, 428px" /></a></strong></p>
<p><strong>Miquel Munar &#8220;Mico&#8221;:</strong> Llicenciat en Historia i professional del turisme, inicia les seves inquietuds musicals participant de diverses formacions Pop-Rock com Los Formales, Smaitips o Tribus, així com a les orquestres Dark &amp; Blue i Mitjanit. Aquestes inquietuds el porten a formar-se en guitarra moderna amb Gabriel Rosales i Marc Rossi. Fou un dels impulsors del portal web especialitzat www.jazzinmallorca.com</p>
<p>S’integra a Trencaclosques l’any 1995, i progressivament participa en el desenvolupament de les diferents activitats artístiques al voltant del projecte Trencaclosques. Actualment forma part del grup de versions <a href="https://www.facebook.com/tramp.mallorcacovers">Tramp Mallorca Covers</a>.</p>
<p><strong><a href="http://www.trencaclosques.es/wp-content/uploads/2014/10/WEB-_MGL3667.jpg"><img loading="lazy" decoding="async" class="wp-image-371  alignleft" src="http://www.trencaclosques.es/wp-content/uploads/2014/10/WEB-_MGL3667-683x1024.jpg" alt="" width="392" height="588" srcset="https://trencaclosques.cat/wp-content/uploads/2014/10/WEB-_MGL3667-683x1024.jpg 683w, https://trencaclosques.cat/wp-content/uploads/2014/10/WEB-_MGL3667-200x300.jpg 200w, https://trencaclosques.cat/wp-content/uploads/2014/10/WEB-_MGL3667-768x1152.jpg 768w, https://trencaclosques.cat/wp-content/uploads/2014/10/WEB-_MGL3667-863x1295.jpg 863w, https://trencaclosques.cat/wp-content/uploads/2014/10/WEB-_MGL3667-72x108.jpg 72w, https://trencaclosques.cat/wp-content/uploads/2014/10/WEB-_MGL3667.jpg 1365w" sizes="auto, (max-width: 392px) 100vw, 392px" /></a></strong></p>
<p><strong>Miquel Àngel Valverde &#8220;Verdi&#8221;:</strong> Llicenciat en químiques i químic de professió. De formació musical autodidacta, ha estat integrant de formacions de música Pop-Rock. Participa al projecte de Trencaclosques des de l&#8217;any 2002 i en gran part dels seus projectes, destacant amb Chemi Vidal com a enginyer constructor dels vehicles que caracteritzen els espectacles de carrer Superflex i Miniflex. Actualment forma part del grup de metal <a href="https://www.facebook.com/losoeste" target="_blank" rel="noopener noreferrer">Oeste</a>.</p>

<p>&#8220;Això era i no era&#8230;&#8221; una generació de nins que vam gaudir la infantesa amb els pallassos de la tele i el programa de televisió dels Cucorba &#8220;Trencaclosques&#8221;, però que amb &#8220;La Bola de Cristal&#8221;, el pop-rock i les guitarres distorsionades, encaràrem el món musical de l&#8217;adolescència. Després d&#8217;anys de recerca musical, els Trencaclosques hem &hellip; <a href="https://trencaclosques.cat/?page_id=8" class="more-link">Continue reading <span class="screen-reader-text">Qui som</span></a></p>
